13 = -3*h + 2*h + 2*v, i*h - 19 = v. What are the prime factors of h?
5
Let a(f) = 75*f + 12 + f**3 + 2 - 7*f**2 - 81*f. What are the prime factors of a(8)?
2, 3, 5
Suppose -9*n + 3569 = -1426. What are the prime factors of n?
3, 5, 37
Let f(v) be the third derivative of -v**6/120 - 2*v**5/15 - 3*v**4/4 - 19*v**3/6 - 30*v**2. What are the prime factors of f(-8)?
5
Suppose -2*c - 5*f = -5, -4*c = 3*f - 0*f - 17. Suppose -c*t + 244 = -186. Suppose -5*z + t = -9. What are the prime factors of z?
19
Suppose -2*w + 7*w - 5*s = 35, 1 = 3*w + s. Suppose 0 = w*g + g + 9, -z + 56 = 2*g. What are the prime factors of z?
2, 31
List the prime factors of (-1)/(4 + 19030/(-3805) - -1).
761
Suppose 5*o - 7*b + 26 = -5*b, 2*b + 6 = -3*o. Let p be (16/1)/(o/(-6)). Suppose 2*u + 2 = p. What are the prime factors of u?
11
Let l(x) = x**3 - x**2 + x. Let c be l(-3). Let b be ((-6)/2 - -42)*1. What are the prime factors of (-6)/c - (-540)/b?
2, 7
What are the prime factors of (-493480)/(-455) + (-8)/14?
2, 271
Let r = -582 + 834. Suppose -3*b - r = -5*b. What are the prime factors of b?
2, 3, 7
Let v be 127/(-2) + 5/10. What are the prime factors of (1 + 56)/(v/(-105))?
5, 19
Let j = -18 + 20. Suppose j*q = -10, -2*q - 120 = -c - 4*c. List the prime factors of c.
2, 11
List the prime factors of (1052 - -7)/(-1)*-1.
3, 353
Let h = 1669 + -1502. List the prime factors of h.
167
Let k be 2006/10 + 2/5. Suppose 4*o - 87 - 111 = -3*j, k = 3*j + 5*o. What are the prime factors of j?
2, 31
Let s = -23 + 29. Let t(p) = 42*p - 32. List the prime factors of t(s).
2, 5, 11
Let g(i) = -6 + 2*i - 2*i**2 + 6*i**2 + 5 - i**3 - 3. Let x = 2 - -2. What are the prime factors of g(x)?
2
Suppose -92 = -6*s + 2*s. Let k = s + -20. Suppose -f = 5, k*r - 153 = 4*f + 2. List the prime factors of r.
3, 5
List the prime factors of ((-68)/(-14)*-43)/(18/(-126)).
2, 17, 43
Let z(u) = -18*u + 230. What are the prime factors of z(-6)?
2, 13
Let v(u) = 9*u - 15. Let f be v(12). Let t = 171 - f. List the prime factors of t.
2, 3, 13
Suppose 4*m = -3*k - 0*k + 38, 0 = -2*m - 4*k + 24. What are the prime factors of (552/(-16))/(2/m*-3)?
2, 23
Let q(v) = v**3 - 12*v**2 - 27*v + 1. Suppose 75 = 5*y - 4*o, 4*y = 2*o + 46 + 14. List the prime factors of q(y).
271
Let s(b) = -b**3 + 17*b**2 - 10. Let q be s(17). List the prime factors of 8/q - (-1524)/30.
2, 5
Let k = -317 + 731. What are the prime factors of k?
2, 3, 23
Let j be -1*4/3*-3. Let b be j*(9/6)/3. Suppose 0 = 4*c - b*c - 32. List the prime factors of c.
2
Let p = 37 + 29. Suppose -3*w + 4*y = -7*w + 88, -p = -3*w + 5*y. What are the prime factors of w?
2, 11
Let c(x) = 2*x**2 - 5*x - 9. Let z(l) = l**2 - 3*l - 5. Let b(w) = 4*c(w) - 7*z(w). Let r(q) = q - 1. Let i be r(5). What are the prime factors of b(i)?
19
List the prime factors of (6/8)/(29/25636).
3, 13, 17
Let w = 641 + -320. Suppose 4*f - 3*t = -0*t + 255, 0 = -5*f + 3*t + w. List the prime factors of f.
2, 3, 11
Let a(i) = -i**2 + 2*i + 43. Let v be 0/(-1 - 1 - 0). List the prime factors of a(v).
43
What are the prime factors of 15/(-2)*2254/(-245)?
3, 23
Let w(l) = 2*l**2 - 11*l - 12. Let s(g) = -g**2 - g - 1. Let d(y) = 3*s(y) + w(y). List the prime factors of d(-11).
2, 3
Suppose 2*d + 3*y - 5*y = 0, 0 = -4*d - 4*y - 40. Let f be (-226)/(-3) + d/15. Let b = f + -51. What are the prime factors of b?
2, 3
Let c be (-2)/(-1)*21/(-3). Let f be (-2 + -1 - -1)*15/6. Let n = f - c. List the prime factors of n.
3
Suppose -4*a + 2*i + 3*i + 483 = 0, -249 = -2*a - 5*i. Let x = a + -38. What are the prime factors of x?
2, 3, 7
Let z = -1296 + 1894. List the prime factors of z.
2, 13, 23
Let c be (9/(-2))/((-1)/2). Suppose 0 = -c*j + 14*j - 445. List the prime factors of j.
89
Let z(a) = 15*a - 6. Let k be z(4). List the prime factors of 5*(10/3)/5*k.
2, 3, 5
Let s = -18 + -15. What are the prime factors of (-21)/(-5 - 156/s)?
7, 11
Let k(r) = -r - 9. Let c be k(-6). Let h(v) be the third derivative of -v**4/12 - 2*v**3/3 - v**2. List the prime factors of h(c).
2
Suppose -4*m = 2*l + 12, -4*m = -3*l - 3*m - 11. Let o = l - -7. Suppose -o*v = -4*v + 19. List the prime factors of v.
19
Let b(w) = -w**2. Let k be b(7). List the prime factors of k/(-6) - (-2)/((-36)/3).
2
Suppose -4*o - 4998 = -20466. What are the prime factors of o?
3, 1289
Suppose -3*n + 49 + 17 = 0. Suppose 0 = 3*j - 3, 3*j - 5*j + n = 2*r. Suppose r = u - 14. What are the prime factors of u?
2, 3
List the prime factors of (2 + 0)*(62 - 5).
2, 3, 19
Suppose -32 = -6*v + 3*v - 4*u, 5*u - 29 = -v. Suppose -c - 29 = -4*f, 0 = -v*f - 0*c - c + 19. Suppose -f*d + 2*d = -36. List the prime factors of d.
3
Let t = -157 - -259. What are the prime factors of t?
2, 3, 17
Let o(m) = -5*m**2 + 9*m + 1720. List the prime factors of o(0).
2, 5, 43
Suppose -3*b - 2*r - 1881 - 765 = 0, -5*r + 899 = -b. What are the prime factors of (-5)/(-15) - b/12?
2, 37
Suppose 25*p - 24*p = 5. Suppose p*w = f - 2 - 80, 0 = -4*w + 12. What are the prime factors of f?
97
Let i(l) = -l**3 - 10*l**2 + 8*l - 5. Let q be i(-11). Let n = q - -19. What are the prime factors of n?
47
Let r be (-1 - 0)/((-3)/(-42)). Suppose y + 85 = 6*y. Let u = y + r. What are the prime factors of u?
3
Let m(w) = 87*w**3 + 2*w**2 - 13*w + 35. What are the prime factors of m(3)?
17, 139
Suppose 0 = -5*f + i - 0*i + 620, i - 118 = -f. Let a = -54 + f. What are the prime factors of a?
3, 23
List the prime factors of (-8)/12*3217*(-18)/12.
3217
Let l(v) = v**2 + 7*v. Let m be -8 + 11 - (-1 - 26). Let w = 19 - m. List the prime factors of l(w).
2, 11
List the prime factors of 1/(-2) + (-34119)/(-102).
2, 167
Let i(g) = -g**3 + 39*g - 11. What are the prime factors of i(-9)?
367
Let o(w) = 2*w - 14. Let t be o(9). Suppose -j = -6*v + t*v + 59, -5*j = -25. List the prime factors of v.
2
List the prime factors of 2*3/12 + (-8959)/(-62).
5, 29
Suppose y = -2*i + 484, -y - i + 488 = -0*i. What are the prime factors of y?
2, 3, 41
Suppose -122 = -4*k + 554. Let u = k - -68. What are the prime factors of u?
3, 79
Let j = -95 - -56. Let q = -7 - j. Suppose -4*u + q = 2*y - 4*y, 4*y = -4*u + 44. List the prime factors of u.
3
Suppose 106*c = 19*c + 137025. List the prime factors of c.
3, 5, 7
Let j(w) = -4*w + 4. Let g be j(2). Let b be (g/(-6))/(6/45). Suppose x - 3*v = b, -3*v - 2*v = -15. List the prime factors of x.
2, 7
Let z(b) = 2*b - 52. Let m be z(-7). Let v be 1656/(-14) - 6/(-21). Let d = m - v. List the prime factors of d.
2, 13
Suppose 5*l - 8 = l. Suppose 21 = l*u - 17. What are the prime factors of u?
19
Let q(t) = 10*t**2 + 2*t + 585. List the prime factors of q(0).
3, 5, 13
Suppose -12*i + 712 = -9500. What are the prime factors of i?
23, 37
Let f = 893 + 129. What are the prime factors of f?
2, 7, 73
Suppose -2*l - 5*a + 30 + 3 = 0, -3*a = -15. Let j(c) = -c**3 - c**2 - c**3 - c**2 - 3 + l + c. What are the prime factors of j(-3)?
2, 17
Let g(u) = -u**3 + 8*u**2 - 7*u + 2. Let c be g(7). Suppose c*r - r - 72 = 0. What are the prime factors of r?
2, 3
Suppose -2*k + 9*k = -14. What are the prime factors of (-3)/(-6)*(28 - k)?
3, 5
Suppose 1925 = o - 2359. List the prime factors of o.
2, 3, 7, 17
Suppose -o + s + 0 = -2, 3*o - 4*s - 10 = 0. Let t(a) = a + 1. Let k be t(o). Let c(b) = 21*b**2 - b - 1. List the prime factors of c(k).
3, 7
Let o(u) = -3*u + 42. Let w be o(17). What are the prime factors of (-1 + w)*(-22)/2?
2, 5, 11
Let h(f) = f**3 - 1 - 5*f**2 + 0 + 7*f - 3*f**2. Let p be h(7). List the prime factors of -1*(-24)/(-3)*p.
2
What are the prime factors of (-84)/(-9)*5/(10/87)?
2, 7, 29
Let h(s) = -s**3 - 2*s**2 + 3*s + 8. Suppose 0*v = -9*v - 45. List the prime factors of h(v).
2, 17
Let h(k) = 35*k**3 - 2*k**2 - k + 2. Let o = 6 + -3. Suppose -3 + 5 = -f - d, -o*f = d. List the prime factors of h(f).
2, 17
Let l = 607 - -312. Suppose 5*h - l = -4*m, -h + 1157 = 5*m - 18. List the prime factors of ((-15)/(-30))/(2/m).
59
Let l be ((4 - 4) + -1)*-1. Let g be (-2)/l*(-35)/10. Suppose -z - g = -t + 13, -5*z = -3*t + 70. List the prime factors of t.
3, 5
Suppose -71*l + 78*l - 3010 = 0. What are the prime factors of l?
2, 5, 43
Suppose -4*q + 0*q = -80. Let v = q + -18. Suppose 0 = v*i + 4*l - 50, 0 = -i - 2*i - 2*l + 87. What are the prime factors of i?
31
Let a